?
23
Let j(i) = i**3 + 43*i**2 + 18*i - 964. What is j(-42)?
44
Let j(i) = -1042*i + 5215. What is j(5)?
5
Let q(h) = -20*h - 46. What is q(-10)?
154
Let b(z) = 12*z**2 - 12*z - 22. What is b(2)?
2
Let a(x) = -2172*x - 21705. Calculate a(-10).
15
Let n(r) = -r**3 + 20*r**2 + 190*r - 40. Give n(27).
-13
Let l(q) = q**3 + 2*q**2 + 6. What is l(-7)?
-239
Let t(m) = m**3 + 12*m**2 - 25*m + 33. Give t(-14).
-9
Let p(l) = -l**3 - 12*l**2 + 36*l + 23. What is p(-14)?
-89
Let g(u) = -13*u**3 + 3*u**2 - 4*u + 7. Give g(2).
-93
Let x(m) = m**3 + 2*m**2 - 27*m - 72. Calculate x(-3).
0
Let w(z) = -z**3 + 12*z**2 - 11*z + 44. What is w(11)?
44
Let k(f) = -f**2 + 14*f + 392. Determine k(28).
0
Let s(p) = -150*p + 10. Calculate s(-1).
160
Let g(f) = 210*f + 10296. What is g(-49)?
6
Let q(x) = -337*x + 2015. Give q(6).
-7
Let u(i) = 224*i + 11. What is u(-1)?
-213
Let r(p) = 255*p - 1009. What is r(4)?
11
Let j(r) = 148*r**2 - 3*r. Calculate j(1).
145
Let z(j) = 22*j - 58. Give z(7).
96
Let g(k) = -18*k**3 + 199*k**2 - 6*k - 27. Determine g(11).
28
Let h(g) = -74*g + 19. Calculate h(-5).
389
Let x(n) = 3103*n - 15511. Give x(5).
4
Let r(y) = -2*y**3 + 23*y**2 - 23*y + 114. Determine r(11).
-18
Let h(t) = -8*t**2 - 120*t - 20. What is h(-15)?
-20
Let a(c) = 6*c**2 - 2*c - 16. Determine a(3).
32
Let j(t) = -78*t + 408. Calculate j(-5).
798
Let l(b) = b**2 - 75*b - 939. What is l(-11)?
7
Let s(v) = -v**3 - 40*v**2 - 385*v + 284. Give s(-21).
-10
Let i(w) = -5*w**2 - 13*w - 52. Calculate i(-7).
-206
Let z(q) = -5140*q - 5183. Determine z(-1).
-43
Let c(a) = 303*a + 9109. Determine c(-30).
19
Let d(f) = 2*f**3 - 19*f**2 + 55*f - 33. Give d(9).
381
Let w(i) = 2*i**3 - 12*i**2 + 79*i - 206. Give w(3).
-23
Let v(x) = x**3 + 34*x**2 + 6*x + 114. What is v(-34)?
-90
Let d(g) = -3*g**3 - 21*g**2 - 27*g - 57. Determine d(-6).
-3
Let h(i) = -i**3 - 28*i**2 - 187*i + 126. Determine h(-15).
6
Let o(g) = -143*g + 11195. Give o(78).
41
Let f(h) = -45*h - 1808. Determine f(-40).
-8
Let y(q) = -q**2 - 39*q + 2608. Give y(35).
18
Let k(p) = -4*p + 559. Give k(116).
95
Let b(r) = 179*r + 255. Give b(-2).
-103
Let i(o) = -125*o + 4991. Determine i(40).
-9
Let p(j) = -j**3 - j**2 - 26*j - 309. Give p(-6).
27
Let p(g) = -2*g**3 - 20*g**2 + 44*g - 3. Determine p(2).
-11
Let l(c) = c**2 - 2*c - 258. Determine l(18).
30
Let f(t) = 58*t + 403. Determine f(-9).
-119
Let w(b) = 2091*b + 8365. What is w(-4)?
1
Let x(u) = -177*u**2 - 2*u - 1. Give x(-1).
-176
Let u(y) = -2*y**3 + 3*y**2 - 46*y + 94. What is u(2)?
-2
Let o(z) = -z**3 + 37*z**2 - 69*z + 22. Give o(35).
57
Let l(y) = -y**2 - 10*y + 23. Determine l(-17).
-96
Let p(i) = 62*i - 3875. What is p(63)?
31
Let b(x) = 29*x**2 - 11*x + 9. Calculate b(1).
27
Let t(w) = -5*w**2 - 159*w + 39. Give t(-32).
7
Let p(z) = z**2 - 32*z + 100. Determine p(11).
-131
Let g(d) = 3*d**3 - 2*d**2 - 9*d - 9. Calculate g(-5).
-389
Let x(l) = 14*l**2 - 796*l - 939. Give x(58).
-11
Let c(f) = 310*f + 2498. What is c(-8)?
18
Let h(b) = 224*b + 4738. Determine h(-21).
34
Let r(v) = v**3 + 17*v**2 - 52*v - 1310. What is r(-14)?
6
Let g(y) = -y**3 + 19*y**2 + 14*y - 22. What is g(20)?
-142
Let m(b) = -b**3 + 22*b**2 - 101*b - 76. What is m(13)?
132
Let t(i) = 10*i**2 - 842*i + 829. What is t(1)?
-3
Let s(m) = m**2 - 27*m + 8. What is s(14)?
-174
Let x(c) = -2*c**2 - 10*c - 1. What is x(-1)?
7
Let l(y) = -5*y**2 + 164*y - 502. Calculate l(3).
-55
Let c(k) = -55*k - 197. Calculate c(-4).
23
Let g(v) = -27*v - 539. Give g(-19).
-26
Let j(w) = -351*w - 74407. Determine j(-212).
5
Let x(n) = -n**3 - 32*n**2 - 33*n - 65. Determine x(-31).
-3
Let c(l) = -l**3 + 9*l**2 + 82*l - 284. Determine c(14).
-116
Let s(q) = -307*q - 3089. Give s(-10).
-19
Let m(h) = h**2 + 82*h + 714. Calculate m(-73).
57
Let r(p) = -p**2 - 126*p - 1815. What is r(-17)?
38
Let g(o) = 567*o - 1145. What is g(2)?
-11
Let u(f) = -f**3 - 28*f**2 + 21*f - 57. Determine u(-29).
175
Let w(p) = -p**3 + 21*p**2 + 3*p + 21. Calculate w(22).
-397
Let g(n) = 5*n**2 + 79*n + 20. What is g(-13)?
-162
Let l(s) = s**2 + 159*s + 5591. Determine l(-53).
-27
Let f(b) = -b**3 + 87*b**2 + 5248*b - 58. Give f(128).
-58
Let b(g) = 258*g + 162. What is b(-1)?
-96
Let c(d) = -d**3 - 9*d**2 + 9*d + 51. What is c(-6)?
-111
Let g(q) = -19*q - 1108. Determine g(-54).
-82
Let f(c) = -2592*c + 54430. What is f(21)?
-2
Let j(q) = 10*q**2 - 155*q - 205. What is j(16)?
-125
Let y(i) = -3*i**2 + 41*i + 356. What is y(-7)?
-78
Let w(b) = 80*b + 361. Calculate w(-5).
-39
Let u(w) = 497*w + 8952. Determine u(-18).
6
Let v(m) = -m**3 + 15*m**2 - 71*m - 15. Calculate v(8).
-135
Let g(a) = 139*a + 8758. What is g(-63)?
1
Let x(w) = -w**2 - 138*w - 1703. Give x(-123).
142
Let q(c) = 9*c**2 + 28*c - 173. What is q(3)?
-8
Let f(i) = -1213*i - 86135. Determine f(-71).
-12
Let l(j) = -j**2 - 7694*j - 14. Calculate l(0).
-14
Let d(q) = 31*q**2 - q - 51. What is d(0)?
-51
Let l(g) = -1170*g + 2345. What is l(2)?
5
Let p(j) = -66*j - 1. What is p(-3)?
197
Let k(g) = -117*g + 13. What is k(-1)?
130
Let v(q) = 3*q**3 + 26*q**2 - 4*q - 155. Determine v(-8).
5
Let d(k) = -21*k + 206. What is d(11)?
-25
Let r(w) = 81*w - 111. What is r(-5)?
-516
Let q(t) = -142*t**2 + 114*t - 113. Determine q(1).
-141
Let r(o) = -o**3 + 75*o**2 - 215*o - 75. Give r(72).
-3
Let r(l) = 5*l**3 + 4*l**2 + 10*l + 23. Give r(-4).
-273
Let c(g) = 21*g - 281. Calculate c(48).
727
Let k(o) = -468*o - 1394. Give k(-3).
10
Let v(a) = -15*a**2 - 8*a + 4. Determine v(4).
-268
Let h(z) = -11*z**2 + 7*z + 12. Calculate h(-2).
-46
Let n(c) = 519*c - 2579. What is n(5)?
16
Let s(f) = -f**2 - 143*f + 438. Determine s(3).
0
Let n(u) = 2*u**2 - 193*u - 584. Determine n(-3).
13
Let y(c) = -1661*c + 11728. Determine y(7).
101
Let w(f) = -147*f - 3063. Determine w(-21).
24
Let d(n) = -5*n**3 - 5*n**2 + 4. Determine d(1).
-6
Let g(s) = -2*s**2 - 74*s - 188. Give g(-34).
16
Let m(z) = 71*z - 9. Calculate m(-1).
-80
Let c(k) = -310*k - 1344. Determine c(-4).
-104
Let z(f) = -f**3 - 5*f**2 + 529*f + 358. Give z(21).
1
Let v(t) = -77*t**2 - 2*t - 3. Calculate v(-2).
-307
Let m(k) = k**2 - 156*k + 2224. Determine m(16).
-16
Let b(f) = -3*f**2 + 17*f + 554. Calculate b(22).
-524
Let u(v) = v**3 - 17*v**2 + 2*v + 178. What is u(13)?
-472
Let j(u) = 3*u**2 - 12*u - 138. What is j(-5)?
-3
Let a(d) = -347*d - 1727. Determine a(-5).
8
Let k(z) = -183*z + 382. What is k(2)?
16
Let l(x) = -2*x**3 + 32*x**2 - 18*x + 19. Give l(15).
199
Let g(n) = 50*n - 259. Give g(15).
491
Let f(u) = 4*u - 48. Determine f(-13).
-100
Let i(m) = -2*m**3 + 104*m**2 + 328*m + 125. Determine i(55).
15
Let m(j) = -j**2 + 108*j + 7499. Calculate m(156).
11
Let m(x) = -3*x**2 + 11*x - 25. Give m(-10).
-435
Let u(r) = r**2 - 29*r + 86. Calculate u(26).
8
Let z(t) = -121*t - 9084. What is z(-75)?
-9
Let l(a) = -266*a + 2121. Determine l(8).
-7
Let x(z) = -z**3 + 23*z**2 - 107*z + 256. Calculate x(18).
-50
Let r(n) = -134*n + 14623. Give r(109).
17
Let z(t) = 614*t - 4908. Give z(8).
4
Let m(v) = -7*v**2 + 617*v - 1834. Give m(3).
-46
Let g(w) = w**3 + 113*w**2 - 113*w + 96. Determine g(-114).
-18
Let q(j) = j**2 + 78*j + 687. What is q(-10)?
7
Let d(p) = p**3 + 3*p**2 - 39*p - 20. Determine d(-9).
-155
Let t(n) = 11*n**2 + 58*n + 120. Give t(-3).
45
Let r(h) = -h**3 + 34*h**2 - 8*h + 12. What is r(34)?
-260
Let x(t) = t**3 + 21*t**2 - 34*t - 253. Give x(-22).
11
Let k(r) = -286*r**2 + 7427*r + 238. Give k(26).
4
Let g(z) = -z**2 + 1406*z - 20858. Determine g(15).
7
Let s(k) = -k**3 - 2*k**2 + 7*k - 13. Determine s(-4).
-9
Let u(k) = 3*k**2 - 40*k - 3598. Give u(42).
14
Let u(o) = 21*o + 371. Determine u(-21).
-70
Let p(x) = -5*x**2 + 7*x + 10. What is p(-4)?
-98
Let o(z) = z**2 - 96*z - 1315. What is o(-12)?
-19
Let h(g) = 22*g - 112. Calculate h(5).
-2
Let z(s) = -3*s**2 - 50*s - 193. Determine z(-7).
10
Let r(c) = -17*c - 1498. Give r(-87).
-19
Let p(c) = -2*c**2 + 32*c + 423. Determine p(24).
39
Let d(n) = -411*n - 37. Give d(-1).
374
Let v(p) = 280*p**2 - 1122*p + 5. Determine v(4).
-3
Let z(p) = p**3 - 25*p**2 - 18*p + 2. Determine z(26).
210
Let j(d) = 10*d**2 + 191*d + 8. What is j(-19)?
-11
Let d(u) = 11*u**3 + 123*u**2 + 7*u - 26. Calculate d(-11).
139
Let t(o) = -2*o**3 + 177*o**2 - 92*o + 370. Calculate t(88)